-1*(-1 + 2 + 0). Let l(n) = a*b(n) + 2*j(n). Calculate the remainder when 9 is divided by l(1).
1
Suppose -k = 3*k - 4*m - 196, -4*k - m = -216. Calculate the remainder when k is divided by 11.
9
Let z(q) = 4*q**2 - 2*q - 1. Let j be z(2). Let i(l) = 9*l. Let u be i(3). Suppose -u = -v - j. Calculate the remainder when v is divided by 9.
7
Suppose 2*s = s + 26 + 17. Let z = 17 - 10. Suppose 3*o - 2*u + 26 = z*o, 4 = o + u. Calculate the remainder when s is divided by o.
7
Let m(i) = i**3 - 17*i**2 - 9*i - 39. What is the remainder when m(18) is divided by 65?
58
Let s = -9 + 7. Calculate the remainder when 63 is divided by (-12)/(-18)*(s - (1 + -27)).
15
Suppose -18*m = 12*m - 930. Calculate the remainder when m is divided by 4.
3
What is the remainder when 7 is divided by 54/45*(-30)/(-18)?
1
Let l(a) = a + 4. Let p = 14 + -8. What is the remainder when (-2 - -3)/((-1)/(-27)) is divided by l(p)?
7
Let y(i) = 20*i + 812. Calculate the remainder when 191 is divided by y(-40).
11
Let t = -567 + 1276. What is the remainder when t is divided by 71?
70
Let o(v) = -20*v - 298. Calculate the remainder when 188 is divided by o(-20).
86
Let n(q) = -q**2 + 9*q. Suppose -27 = -5*t + 8. Let d = -106 - -174. Calculate the remainder when d is divided by n(t).
12
Suppose 0 = -2*d + 5*d + y - 58, 3*y + 26 = d. Calculate the remainder when 24 is divided by d.
4
Let a(n) = -3*n**3 + 35*n**2 + 19*n - 34. What is the remainder when a(12) is divided by 9?
5
Let j(k) = -19*k + 4. Suppose 3*w + l = 1, 4*w - 5*l + 18 = 6*w. What is the remainder when 65 is divided by j(w)?
19
Let z be ((-4)/(-5))/((-8)/(-20)). Suppose -a = -3*o - 0*o - 23, z*o - 78 = -4*a. Suppose 0 = f - 2 - 9. What is the remainder when a is divided by f?
9
What is the remainder when 272 is divided by 2784/40 - 22/(-55)?
62
Suppose -110*x + 109*x = -48. What is the remainder when 191 is divided by x?
47
Let t = 67 + -26. Let q = -22 - -37. What is the remainder when t is divided by q?
11
Let h(k) = 3*k - 42. Let i be h(23). Suppose -a + r + i = -12, 2*a = 4*r + 74. What is the remainder when a is divided by 21?
20
Suppose 2*r = -5*b - 87 + 172, 0 = -3*r - 3*b + 132. What is the remainder when 492 is divided by r?
42
Let f be (-5)/(15/23)*-33. Suppose -6*k = -k - d - 16, -16 = -4*d. Calculate the remainder when k/10 - f/(-5) is divided by 13.
12
Let v = -384 - -456. What is the remainder when v is divided by 12?
0
Suppose o - 112 + 90 = 0. What is the remainder when 57 is divided by o?
13
Let h be (-247)/(-26) + (-6)/4 + 1. Let n = h - 3. What is the remainder when n is divided by 3?
0
Let d(y) = y - 3. Suppose -8 = -2*l + t + 5, -2*l - 2*t + 4 = 0. Calculate the remainder when 66/10 + 2/l is divided by d(6).
1
Suppose -4 + 183 = 4*c + g, g = -5. What is the remainder when 210 is divided by c?
26
Let a = -217 + 130. Let y = a - -129. Suppose 0 = r - 2*r + 11. Calculate the remainder when y is divided by r.
9
Let l be 3/(-1 - (-11)/8). Suppose 2*m - 4*m + l = 0. Suppose 0 = -2*j + m*j - 34. What is the remainder when 65 is divided by j?
14
Suppose 0 = -i - 5*i - 84. Let k = i + 22. What is the remainder when 63 is divided by k?
7
Let m = 689 - 610. What is the remainder when m is divided by 41?
38
Let u = -45 - -153. Let w = -85 + u. Let q(y) = y + 7. What is the remainder when w is divided by q(6)?
10
Suppose a = 3*a - 36. Suppose -6*r - 27 = -69. What is the remainder when a is divided by r?
4
Let d = -90 + 152. Let w = -1525 + 1533. Calculate the remainder when d is divided by w.
6
Let t be (-30)/4*13/(156/(-160)). Let h = 197 - t. What is the remainder when h is divided by 25?
22
Suppose 3*j - 24 = -3*i, 0 = -3*j + 7 + 2. Suppose i*w + 2*z - 90 = 6, -4*w = -2*z - 84. Let t(u) = -3*u - 1. What is the remainder when w is divided by t(-4)?
9
Let a(k) = 2*k - 8. Let y be a(7). Suppose 4*i - y - 2 = 0. Suppose 0*m = -i*m + 22. What is the remainder when 31 is divided by m?
9
Suppose -22 = -2*v + 34. Calculate the remainder when (-4)/(-18) + (-1436)/(-18) is divided by v.
24
Suppose 0 = 3*g + 2*i - 305, -g - 7*i + 6*i + 103 = 0. What is the remainder when g is divided by 15?
9
Let s = 347 + -304. What is the remainder when s is divided by 22?
21
Suppose 2*v - 5 = -3*v. What is the remainder when (-12)/1*(-10)/8 is divided by v + 1 - 0 - -4?
3
Let t = -6 + 10. Calculate the remainder when 4/(-10) + (3/(-5) - -7) is divided by t.
2
Let l be 1 + 1 - (-13 + 12). Suppose -2*h - m = -85, 158 - 17 = 3*h - l*m. What is the remainder when h is divided by 9?
8
Let i be (27 - 22) + -1 + 2. Suppose -5*m + 3*h = -145, -5*m + 2*h = -2*m - 87. What is the remainder when m is divided by (8 - i)*22/4?
7
Suppose 3*f = 5*b - 104, 0 = -2*f + f + 2. What is the remainder when b is divided by ((-2)/18 - (-475)/1197)*28?
6
Let h = -97 + 55. Let k = h + 55. What is the remainder when k is divided by 4?
1
Suppose -8*y = -4*y - 156. Suppose -4*l - y = 3*z - 414, l - 4*z - 70 = 0. Calculate the remainder when l is divided by 1*(27 - 4/1).
21
Suppose 0 = 2*p + 4, 6*p - 82 = -2*o + 4*p. Let k = 7 - 8. What is the remainder when o is divided by -18*(-4)/6 + (k - 2)?
7
Let w(v) = v**2 + v + 4. Suppose -7*o + 564 = 60. Suppose -o = -15*c + 3*c. Calculate the remainder when w(3) is divided by c.
4
What is the remainder when 230 is divided by 63 + (-3 - (0 + 2))?
56
Let v(n) be the first derivative of n**4/4 + 4*n**3/3 - 5*n**2/2 - 4*n + 21. Calculate the remainder when v(-4) is divided by 5.
1
Let s(r) = 34*r. Let f(g) = -g + 65. What is the remainder when f(0) is divided by s(1)?
31
Suppose 0 = -c - 3*c + 4*g + 32, g = -3. Calculate the remainder when 9 is divided by 3/1*(0 + c/3).
4
Let o = 2917 + -2904. Calculate the remainder when o is divided by 2.
1
What is the remainder when 233 is divided by (170/(-35))/((-4)/28) + 0?
29
Suppose 5*u + 2 - 37 = 0. Suppose 21*g - 400 = 5*g. What is the remainder when g is divided by u?
4
Let r(j) = j**3 + 40*j**2 - j + 64. What is the remainder when r(-40) is divided by 36?
32
Let o = 8 + -3. Suppose -o*h + 9*h - 16 = 0. Suppose 0 = -h*r + 5*r - 3. What is the remainder when 11 is divided by r?
2
Let d(f) = -2*f**3 + 5*f**2 + f - 3. Suppose 30 = 2*k - k + 4*y, -5*k + 126 = -4*y. Calculate the remainder when d(-3) is divided by k.
15
Let w(f) = 36*f**2 + f + 1. Let y be w(-1). Suppose 8*n = 3*n + 3*x + y, -5*n + 5*x = -30. Calculate the remainder when 34 is divided by n.
7
Let a be 10*(-2)/(-4)*(54 + -5). Suppose -3*z + 4 + 2 = 0, 0 = -5*p - 5*z + a. What is the remainder when p is divided by 12?
11
Let h = 144 - 85. What is the remainder when h is divided by 25?
9
Suppose -2*k = -2*u + 18, -2*k + u - 4 = 9. Let h be (k/(-5))/((-9)/(-180)). Let d = h - -65. Calculate the remainder when d is divided by 21.
18
What is the remainder when 240 + -1 - (6 - 3) is divided by 20?
16
Let j = 115 - 77. Calculate the remainder when j is divided by 27.
11
Let j = -128 - -415. Calculate the remainder when j is divided by 17.
15
Let y = -10 + 22. Let s = 37 - y. Calculate the remainder when s is divided by 9.
7
Let u(i) = i**3 - 3*i**2 + 3*i + 2. Let k = -140 - -144. Calculate the remainder when u(k) is divided by 12.
6
Suppose -4*l + 5*p + 57 = 0, -5 + 14 = l + 4*p. Calculate the remainder when 194 is divided by l.
12
Suppose -3*q - 70 = 5*j - 245, 214 = 4*q - 3*j. Let g(v) = 2*v**2 + 20*v + 8. Let p be g(-11). Let c = 49 - p. What is the remainder when q is divided by c?
17
Let s(x) = -x**3 - 13*x**2 - 13*x + 7. Let k be s(-13). Suppose 2*c - k = -18. What is the remainder when c is divided by (-8)/(-6)*6*2?
15
Suppose 10 - 1 = d. Calculate the remainder when 99 is divided by d.
0
Suppose -x = p - 64, 3*x = -7 - 8. Suppose 3*k - 48 = -2*l, l = 4*k + 35 - 11. Calculate the remainder when p is divided by l.
21
Let v be (9/(-3) + 2)*0. Suppose -4*d + 0*d - 5*g + 52 = v, 0 = 5*g - 20. Calculate the remainder when 21 is divided by d.
5
Let x = -172 + 213. What is the remainder when x is divided by 25?
16
Let j be (2/(-6))/((-1)/3). Let f(n) = -3*n**2 - 6*n. Let p be f(-8). What is the remainder when 14 is divided by j/(-3)*p/6?
6
Let k(p) = p**2 + 13*p + 15. Let y be k(-10). What is the remainder when (-201)/y - (-4)/(-10) is divided by 4?
1
What is the remainder when 5 is divided by 3/1*9/27?
0
Let z(h) = h*